{"id":156,"date":"2018-03-18T14:00:35","date_gmt":"2018-03-18T14:00:35","guid":{"rendered":"http:\/\/testroseimmo.licht-im-quadrat.de\/?page_id=156"},"modified":"2019-07-15T13:23:55","modified_gmt":"2019-07-15T13:23:55","slug":"hausinspektion-service","status":"publish","type":"page","link":"https:\/\/www.hausundharmonie.de\/?page_id=156","title":{"rendered":"Hausinspektion-Service"},"content":{"rendered":"\n<p><em>Bei Licht betrachtet, wirkt so manches Traumhaus nicht mehr ganz so traumhaft&#8221;<\/em><\/p>\n\n\n\n<p>Sie haben eine Immobilie gefunden, sind sich aber \u00fcber Lage, Wert, Zustand, M\u00e4ngel und notwendige Investitionen nicht im Klaren?<\/p>\n\n\n\n<p>Mit unserem Hausinspektion-Service sind wir f\u00fcr die K\u00e4uferseite t\u00e4tig und untersuchen Wert und Substanz von Immobilien anhand von sichtbaren Schadensbildern.<\/p>\n\n\n\n<p>Wir messen Quadratmeterzahlen nach, pr\u00fcfen Unterlagen und Pl\u00e4ne und erkundigen uns \u00fcber grundbuch- und baurechtliche Belastungen.<\/p>\n\n\n\n<p>Unter Ber\u00fccksichtigung Ihrer Interessen und des von uns ermittelten Immobilienwertes, \u00fcbernehmen wir f\u00fcr Sie gerne auch die Kaufpreisverhandlungen. Durch unsere Erfahrung im Verhandeln, erzielen wir meist deutliche Ersparnisse.<\/p>\n\n\n\n<p>Unser Verhandlungshonorar ist erfolgsabh\u00e4ngig und orientiert sich an Ihrer Einsparung beim Immobilienkauf.<\/p>\n\n\n\n<p>Unsere Dienstleistung im \u00dcberblick:<\/p>\n\n\n\n<p><\/p>\n\n\n\n<p>\u2022 Bedarfsanalyse und Kl\u00e4rung Ihrer Vorstellungen<br>\n\u2022 Hausinspektion-Service<br>\n\u2022 Beratung zu Zustand, Lage und Kaufpreis<br>\n\u2022 Betrachtung nach Feng Shui Gesichtspunkten<br>\n\u2022 Verhandlungen \u00fcber Preise, Kosten und Bedingungen<br>\n\u2022 Begleitung vom Notartermin bis zur \u00dcbergabe<\/p>\n\n\n\n<p>Unsere k\u00e4uferorientierte Beratung beim Immobilienerwerb ist parteiisch und unanbh\u00e4ngig. Die Dienstleistung kann in 2 verschiedenen Pakete gebucht werden:<\/p>\n\n\n\n<p><strong>Paket 1. zum Preis von 416,50\u20ac (inkl. 19% MwSt.)<\/strong><\/p>\n\n\n\n<p>Leistungen:<\/p>\n\n\n\n<pre class=\"wp-block-code\"><code>Besichtigen und bewerten der Immobilie;\nuntersuchen des Zustandes,\npr\u00fcfen der Unterlagen-, Zahlen-, Preise und Pl\u00e4ne. <\/code><\/pre>\n\n\n\n<p><\/p>\n\n\n\n<p><strong>Paket 2. zum Preis von 993,65\u20ac (inkl. 19% MwSt.<\/strong>) zuz\u00fcglich einer erfolgsabh\u00e4ngigen Provision von 5,95% (inkl. MwSt.) auf die durch uns eingesparte Summe zwischen erstem Angebot und Gesamtpreis.<\/p>\n\n\n\n<p>Leistungen:<\/p>\n\n\n\n<pre class=\"wp-block-code\"><code>Besichtigen und bewerten der Immobilie;\nuntersuchen des Zustandes,\npr\u00fcfen der Unterlagen-, Zahlen-, Preise und Pl\u00e4ne;\nWohnfl\u00e4chenberechnung anhand der Pl\u00e4ne;\nallgemeine Betrachtung nach Feng Shui Gesichtspunkten;\nVertrags- und Preisverhandlungen;\nBegleitung vom Notartermin bis zur \u00dcbergabe. <\/code><\/pre>\n\n\n\n<p>Beispiel: Kaufpreis 300.000 &#8211; Angebot 310.000: 5,95% von 10.000 = unser Honorar 595 inkl. MwSt. zuz\u00fcglich des Paketpreises von 993,65\u20ac (inkl. 19% MwSt.) = Gesamthonorar 1.588,65\u20acuro.<\/p>\n","protected":false},"excerpt":{"rendered":"<p>Bei Licht betrachtet, wirkt so manches Traumhaus nicht mehr ganz so traumhaft&#8221; Sie haben eine Immobilie gefunden, sind sich aber \u00fcber Lage, Wert, Zustand, M\u00e4ngel und notwendige Investitionen nicht im Klaren? Mit unserem Hausinspektion-Service sind wir f\u00fcr die K\u00e4uferseite t\u00e4tig und untersuchen Wert und Substanz von Immobilien anhand von sichtbaren Schadensbildern. Wir messen Quadratmeterzahlen nach, &#8230; <a href=\"https:\/\/www.hausundharmonie.de\/?page_id=156\" class=\"more-link text-uppercase small\"><strong>Continue Reading<\/strong> <i class=\"fa fa-angle-double-right\" aria-hidden=\"true\"><\/i><\/a><\/p>\n","protected":false},"author":2,"featured_media":14,"parent":0,"menu_order":0,"comment_status":"closed","ping_status":"closed","template":"template_fullwidth.php","meta":{"footnotes":""},"class_list":["post-156","page","type-page","status-publish","has-post-thumbnail","hentry"],"_links":{"self":[{"href":"https:\/\/www.hausundharmonie.de\/index.php?rest_route=\/wp\/v2\/pages\/156","targetHints":{"allow":["GET"]}}],"collection":[{"href":"https:\/\/www.hausundharmonie.de\/index.php?rest_route=\/wp\/v2\/pages"}],"about":[{"href":"https:\/\/www.hausundharmonie.de\/index.php?rest_route=\/wp\/v2\/types\/page"}],"author":[{"embeddable":true,"href":"https:\/\/www.hausundharmonie.de\/index.php?rest_route=\/wp\/v2\/users\/2"}],"replies":[{"embeddable":true,"href":"https:\/\/www.hausundharmonie.de\/index.php?rest_route=%2Fwp%2Fv2%2Fcomments&post=156"}],"version-history":[{"count":7,"href":"https:\/\/www.hausundharmonie.de\/index.php?rest_route=\/wp\/v2\/pages\/156\/revisions"}],"predecessor-version":[{"id":610,"href":"https:\/\/www.hausundharmonie.de\/index.php?rest_route=\/wp\/v2\/pages\/156\/revisions\/610"}],"wp:featuredmedia":[{"embeddable":true,"href":"https:\/\/www.hausundharmonie.de\/index.php?rest_route=\/wp\/v2\/media\/14"}],"wp:attachment":[{"href":"https:\/\/www.hausundharmonie.de\/index.php?rest_route=%2Fwp%2Fv2%2Fmedia&parent=156"}],"curies":[{"name":"wp","href":"https:\/\/api.w.org\/{rel}","templated":true}]}}